0362?
2, 23, 809, 44483
What are the prime factors of 33128278?
2, 571, 29009
What are the prime factors of 9120601?
7, 43, 157, 193
List the prime factors of 1214631902.
2, 11, 55210541
List the prime factors of 257674810.
2, 5, 25767481
List the prime factors of 59711167.
19, 3142693
What are the prime factors of 8777533?
8777533
List the prime factors of 247351915.
5, 89, 113, 4919
List the prime factors of 9493054.
2, 307, 15461
What are the prime factors of 1102851313?
263, 1171, 3581
List the prime factors of 36185858.
2, 18092929
What are the prime factors of 229172157?
3, 1151, 22123
List the prime factors of 256945853.
256945853
List the prime factors of 731503273.
71, 10302863
List the prime factors of 54830720.
2, 5, 7, 12239
What are the prime factors of 36278542?
2, 18139271
What are the prime factors of 243928687?
5701, 42787
What are the prime factors of 47003807?
47, 1000081
What are the prime factors of 19578666?
2, 3, 271, 12041
What are the prime factors of 750444390?
2, 3, 5, 8338271
List the prime factors of 7667527.
7, 17, 64433
List the prime factors of 658066445.
5, 79, 89, 18719
List the prime factors of 2368682069.
13, 31, 1039, 5657
What are the prime factors of 39316999?
39316999
List the prime factors of 6455902029.
3, 2151967343
What are the prime factors of 91819891?
2017, 45523
What are the prime factors of 355801822?
2, 5743, 30977
What are the prime factors of 431320493?
563, 766111
What are the prime factors of 5703359?
71, 80329
What are the prime factors of 29688734?
2, 14844367
List the prime factors of 439956313.
383, 947, 1213
What are the prime factors of 347794576?
2, 21737161
What are the prime factors of 1398481835?
5, 1069, 261643
What are the prime factors of 131637710?
2, 5, 967, 13613
What are the prime factors of 61103776?
2, 41, 46573
What are the prime factors of 300275353?
7, 73, 587623
What are the prime factors of 13264512?
2, 3, 34543
List the prime factors of 318256316.
2, 7, 673, 16889
List the prime factors of 32387560.
2, 5, 31, 26119
List the prime factors of 58405614.
2, 3, 9734269
List the prime factors of 71642345.
5, 14328469
What are the prime factors of 2088118664?
2, 23, 587, 19333
What are the prime factors of 14109664?
2, 67, 6581
List the prime factors of 65421875.
5, 53, 79
What are the prime factors of 80461557?
3, 11, 41, 43, 461
List the prime factors of 44749957.
7, 31, 206221
List the prime factors of 83180685.
3, 5, 7, 113171
List the prime factors of 621054592.
2, 4851989
List the prime factors of 156082213.
7, 22297459
What are the prime factors of 635752733?
7, 11, 151, 54679
What are the prime factors of 71170796?
2, 17792699
What are the prime factors of 649645506?
2, 3, 131, 137, 2011
List the prime factors of 67402913.
67402913
List the prime factors of 842704938.
2, 3, 15605647
List the prime factors of 62770957.
62770957
What are the prime factors of 2582282125?
5, 20658257
What are the prime factors of 781871746?
2, 390935873
List the prime factors of 3666560484.
2, 3, 167, 1829621
What are the prime factors of 11180080?
2, 5, 29, 61, 79
What are the prime factors of 358386338?
2, 43, 643, 6481
What are the prime factors of 276751868?
2, 241, 287087
List the prime factors of 6944624933.
17, 8467, 48247
List the prime factors of 577926929.
89, 6493561
List the prime factors of 127592955.
3, 5, 7, 135019
What are the prime factors of 32041683?
3, 131, 9059
List the prime factors of 4428838218.
2, 3, 7, 105448529
What are the prime factors of 84659859?
3, 9406651
What are the prime factors of 1531372021?
37, 389, 106397
List the prime factors of 286576626.
2, 3, 7, 6823253
What are the prime factors of 322549804?
2, 4447, 18133
What are the prime factors of 8130580?
2, 5, 223, 1823
What are the prime factors of 320459917?
5153, 62189
List the prime factors of 1549140318.
2, 3, 11, 1123, 6967
List the prime factors of 89958473.
11, 8178043
List the prime factors of 677939068.
2, 101, 1678067
What are the prime factors of 3459562281?
3, 7, 54913687
What are the prime factors of 10339939?
73, 197, 719
What are the prime factors of 3199743343?
3199743343
What are the prime factors of 4060423279?
11, 8597, 42937
What are the prime factors of 1833629560?
2, 5, 7, 1217, 5381
What are the prime factors of 2269656598?
2, 11, 41, 2516249
List the prime factors of 353973587.
11, 32179417
What are the prime factors of 27050512?
2, 139, 12163
What are the prime factors of 1253663376?
2, 3, 7, 3731141
List the prime factors of 2292514964.
2, 10781, 53161
What are the prime factors of 506337370?
2, 5, 7, 11, 657581
What are the prime factors of 26531541?
3, 2947949
List the prime factors of 622615630.
2, 5, 7, 13, 109, 6277
What are the prime factors of 4066162440?
2, 3, 5, 33884687
List the prime factors of 2226656752.
2, 139166047
List the prime factors of 4684127998.
2, 11, 37, 5754457
What are the prime factors of 17724933?
3, 656479
What are the prime factors of 263521300?
2, 5, 7, 53, 7103
What are the prime factors of 687992637?
3, 491, 617, 757
What are the prime factors of 110785920?
2, 3, 5, 7, 8243
List the prime factors of 1813066824.
2, 3, 53, 1425367
What are the prime factors of 2542797668?
2, 67, 103, 251, 367
What are the prime factors of 63503857?
17, 967, 3863
List the prime factors of 387312457.
7, 55330351
What are the prime factors of 788296253?
43, 3457, 5303
What are the prime factors of 63001502?
2, 41, 251, 3061
List the prime factors of 384122533.
659, 582887
List the prime factors of 55853192.
2, 103, 67783
List the prime factors of 11844194.
2, 5922097
List the prime factors of 988232953.
131, 7543763
What are the prime factors of 117125781?
3, 31, 379, 3323
What are the prime factors of 719450492?
2, 179862623
List the prime factors of 146385520.
2, 5, 167, 10957
List the prime factors of 119885093.
4217, 28429
List the prime factors of 3098519205.
3, 5, 389, 531023
What are the prime factors of 23735980?
2, 5, 421, 2819
What are the prime factors of 379055958?
2, 3, 5519, 11447
What are the prime factors of 1418715965?
5, 71, 223, 17921
List the prime factors of 655041368.
2, 81880171
List the prime factors of 71971442.
2, 35985721
What are the prime factors of 580330550?
2, 5, 67, 107, 1619
What are the prime factors of 222283361?
31, 7170431
What are the prime factors of 21462074?
2, 43, 479, 521
List the prime factors of 1150069572.
2, 3, 43, 103, 7213
What are the prime factors of 123429803?
7, 41, 373, 1153
List the prime factors of 2212724426.
2, 11, 100578383
List the prime factors of 24019451.
31, 774821
What are the prime factors of 1033632568?
2, 129204071
List the prime factors of 1220469006.
2, 3, 313, 649877
What are the prime factors of 4320400121?
1721, 2510401
List the prime factors of 44512823.
317, 140419
What are the prime factors of 3576388428?
2, 3, 71, 1399213
List the prime factors of 728444814.
2, 3, 121407469
List the prime factors of 40008843.
3, 7, 30241
List the prime factors of 41399710.
2, 5, 11, 59, 6379
List the prime factors of 2390422626.
2, 3, 199, 467, 1429
What are the prime factors of 176674734?
2, 3, 9815263
List the prime factors of 1685361027.
3, 7, 1637863
List the prime factors of 50130130.
2, 5, 659, 7607
What are the prime factors of 34315590?
2, 3, 5, 227, 5039
What are the prime factors of 2787901?
103, 27067
List the prime factors of 83047763.
1009, 82307
List the prime factors of 650249100.
2, 3, 5, 23, 37, 283
What are the prime factors of 514069185?
3, 5, 7, 4895897
List the prime factors of 58934468.
2, 14733617
List the prime factors of 4791323930.
2, 5, 79, 6064967
List the prime factors of 228048106.
2, 11, 13, 719, 1109
List the prime factors of 60511264.
2, 11, 103, 1669
List the prime factors of 879112143.
3, 7, 13, 17, 1619
What are the prime factors of 106720312?
2, 607, 21977
What are the prime factors of 296829196?
2, 199, 372901
List the prime factors of 5776547486.
2, 53, 54495731
List the prime factors of 798055698.
2, 3, 11, 29, 416957
What are the prime factors of 222181484?
2, 7, 1133579
What are the prime factors of 2274867603?
3, 2657, 95131
What are the prime factors of 37063159?
7, 37, 20443
List the prime factors of 1637884381.
7, 587, 398609
List the prime factors of 